a composite number?
False
Suppose 3*f + 20 = -7. Let m = -6 - f. Suppose -2*u = -4*y - 114 + 6, m*u = -y + 134. Is u composite?
True
Suppose -3*y - 14 = -5*y. Suppose 3*n - 4*z = 10 + 3, -3*n - 2*z + y = 0. Suppose -7*d + n*d + 764 = 0. Is d composite?
False
Let p = 6 - 2. Suppose p*a = 3*a + 16. Suppose a = j - 15. Is j a prime number?
True
Let j = 7 + -7. Let a be (-24 - j)*(-2)/(-4). Is ((-4)/a)/(1/339) a composite number?
False
Let i(q) = q**2 + 2*q + 9. Let c be i(0). Suppose c*j = d + 7*j - 1519, -2*d - j = -3018. Is d composite?
False
Suppose -22*i + 30073 = -5*i. Is i composite?
True
Let u(x) = -4882*x - 25. Is u(-3) a prime number?
True
Let g(t) = -45*t**3 - 2*t**2 - 4*t - 1. Let n be g(-3). Let z = n - 93. Is z prime?
False
Let v(c) = 132*c**2 + 26*c - 99. Is v(4) a prime number?
False
Let a = -651 + 7852. Is a composite?
True
Let o be 1 - (-2 - 0/3). Suppose -5999 = 5*u - 10*u - o*n, 3*u = n + 3591. Is u composite?
True
Is 16493*(7/7 + 0) prime?
True
Suppose -3*c = -0*t + t - 58, 5*t + 110 = 5*c. Suppose -c*b + 9*b = -24233. Is b a prime number?
True
Suppose 47557 + 11776 = y - 4*u, -5*u + 296665 = 5*y. Is y a prime number?
True
Let l = 89 - 83. Suppose 5*y = -4*t + 2357, 5*y + t = l*t + 2375. Is y a composite number?
True
Suppose 2*d + 2*q - 5*q = 13, -2*q = 2. Suppose -3*k + 6 = 0, -d - 3875 = -2*y - 3*k. Is y prime?
False
Suppose -4*n = -20, 2*j - 6*j + 15347 = 3*n. Is j a prime number?
True
Is (36/(-16))/(6/(-872)) composite?
True
Let b be -1*(-65597)/14 + (-1)/(-2). Suppose z - 4*p + 390 = 1317, -5*z + 3*p + b = 0. Is z a composite number?
True
Is (-14864)/40*15/(-2) a prime number?
False
Suppose -4*m + 20 = 4*h, 4*m = 2*h - 0 - 10. Let k be (h/(-3))/((-2)/42). Is -4*(-4)/8 + k a composite number?
False
Suppose 0*a + 2*a = 3*n + 4008, 5*n + 4000 = 2*a. Suppose a = -9*g + 15*g. Is g prime?
False
Let q = -9 - -10. Let i be (2 - q)/((-1)/(-13)). Suppose -181 = -4*k - 5*d, 3*k = -2*d + 154 - i. Is k composite?
True
Suppose 4*q + 5139 = 13*q. Is q composite?
False
Let z(b) = 3*b**2 - 3*b - 7. Let f be ((-80)/(-24))/((-4)/(-6)). Suppose -f*i + 25 = -0*i. Is z(i) prime?
True
Suppose -3*w + 8445 = -4*s + 9*s, -4*s = 5*w - 6756. Is s composite?
True
Suppose 0 = 2*o - 663 - 979. Is o a composite number?
False
Suppose 4*i = -8*i + 12. Is (i + 1)*(-6593)/(-38) a composite number?
False
Let l = -7 + 13. Let x(y) = -y**3 + 9*y**2 - y - 7. Is x(l) composite?
True
Suppose 0 = m + 2*s - 19531, 28*m - 39087 = 26*m + s. Is m a prime number?
True
Let l = -35 - -32. Let w(m) = 57*m**2 + 5*m + 19. Is w(l) prime?
False
Let m(h) = 31*h**2 - 5. Let k = -25 + 21. Is m(k) a prime number?
True
Let w = -14 - -24. Let j be 12/w*50/15. Suppose j*z + 0*z = 596. Is z composite?
False
Let d = -51 - -50. Is (328 + (2 - d))*1 composite?
False
Let h(i) = -295*i - 233. Is h(-16) a composite number?
True
Is 1*(5045*5 - (-7 + 3)) a composite number?
False
Let l(c) = -24*c - 53. Let d be l(-8). Suppose 2*a = -2*r + d + 621, -5 = -5*a. Is r a prime number?
True
Let o(f) = 261*f**2 - 10*f - 16. Let h(c) = 52*c**2 - 2*c - 3. Let q(r) = 11*h(r) - 2*o(r). Suppose -n - 10 = 4*n. Is q(n) prime?
False
Let p = -36780 - -82117. Is p a composite number?
False
Let p(o) = o**3 + 10*o**2 + 11*o + 18. Let n be p(-9). Suppose 3*f + n*f - 327 = -2*z, 4*f = 4*z + 456. Is f prime?
False
Let s(w) = -102*w - 1. Let k be s(-3). Suppose 0 = -4*i + 4*j + 468, -4*j - 65 = 2*i - k. Is i composite?
True
Suppose -2*d = -4*d + 8. Suppose -4*k - 3*c + 67 = -162, 232 = d*k + 4*c. Is k prime?
False
Let u(c) = 2*c + 5. Let v be u(-4). Let i be v/6*(-340 + -4). Let w = i + -119. Is w a composite number?
False
Suppose 103 = 3*a + m, -5*a + 2*a + 95 = 5*m. Is a composite?
True
Suppose -184709 - 551113 = -18*w. Is w prime?
True
Let y(f) = -43 + 257*f - 698*f + 98 - 589*f. Let b(a) = 147*a - 8. Let k(g) = -15*b(g) - 2*y(g). Is k(-3) prime?
False
Let v(r) = 399*r**3 + 1. Let s be v(-1). Is s*2/6*9/(-6) a prime number?
True
Let n(y) = -y**3 + 37*y**2 - 4*y + 35. Is n(-17) composite?
True
Suppose 61*h - 2*m = 62*h - 18953, 0 = -h + m + 18944. Is h prime?
True
Let q = 1006 - -1831. Is q a prime number?
True
Let b be -14*((-20560)/(-288) - (-1)/9). Let l = b - -1930. Is l prime?
True
Let f = 31 + -26. Suppose 4*o - 3*o = -5, -3*o - 970 = -f*t. Is t a prime number?
True
Suppose -4*r + g = -8407, 4209 = 2*r + 6*g - g. Let o = r + -1429. Is o composite?
False
Suppose 5*p + 9150 = 2*j - 35063, -3*j = p - 66328. Is j composite?
False
Let g(f) = -f**3 - f**2 + 2*f + 3. Let k be g(-2). Let h be 5*(-2)/(-10)*k. Suppose -h*w = 3*w - 354. Is w composite?
False
Is 0 + ((-3)/1 - 4*-415) prime?
True
Let r = -70 + 76. Suppose 770 = r*i + 260. Is i a prime number?
False
Let n be -1*(0 - -2 - 262). Let g = n - 23. Is g a composite number?
True
Let g = -14 + 14. Suppose -c + g*c = -11. Let y = c - -68. Is y a composite number?
False
Let k be -1 - (-2 + 3)*3. Let w be (-5)/((-10)/k) - 1. Is 54 - (-5 + w/(-3)) a prime number?
False
Suppose 0 = -19*o + 31*o - 19164. Is o composite?
False
Let l be 3 + -1 + -4 - -4197. Let v = -2982 + l. Is v prime?
True
Let i = -16 - -12. Let l be 16/i + (-402)/(-3). Suppose f = d - l, d - 119 = 5*f + 23. Is d composite?
False
Let w = -44 + 48. Let p(l) = 39*l**2 + 4*l + 7. Is p(w) prime?
True
Let w = -3486 - -5941. Is w a prime number?
False
Let u(c) = c**2 - 5*c + 6. Let j be u(4). Let r(i) be the first derivative of 49*i**3/3 - i**2/2 - 3*i + 7. Is r(j) a composite number?
False
Is (157/(-3))/(2/(-6)) a composite number?
False
Let c be (-2)/(-9) - 238/18. Let g = -3 + c. Let t(x) = 8*x**2 + 15*x - 13. Is t(g) composite?
True
Suppose 1 - 16 = 5*x, -4*q = -3*x - 233797. Is q a composite number?
True
Let q(n) be the third derivative of n**4/6 - 25*n**3/6 - 37*n**2. Is q(24) a prime number?
True
Is (231/(-4) + 5)/((-2)/184) composite?
True
Suppose -12 = 3*a + 30. Let o = -10 - a. Is ((-249)/6)/(o/(-8)) prime?
True
Suppose 2*k + 3*g = 1253, -3*g = 4*k - 4*g - 2527. Is k composite?
False
Let j be (-1)/(7/(-30)) + (-8)/28. Suppose -5*z = 2*d - 6089, -5*d + j*z = -z - 15170. Is d prime?
True
Suppose -5*g + 5*o + 20830 = -0*g, -5*g + 20818 = -o. Is g composite?
True
Suppose -74*r = -81*r + 393911. Is r composite?
True
Let p = 916 + -343. Let v be -7 - (-3 - 0) - -6. Suppose -v*c - p = -5*c. Is c a prime number?
True
Let o(u) = 231*u**3 + 4*u**2 - 5*u - 15. Is o(4) a composite number?
False
Let x = -603 - -1124. Is x prime?
True
Let h(j) = 4*j + 4*j + 8*j**2 - 7*j + 1 - 3*j. Let x be h(1). Is 42/x*(-94)/(-4) composite?
True
Suppose 0 = -15*a - 7*a + 237710. Is a a prime number?
False
Suppose -3*d = q + 1 - 12, 18 = -d + 4*q. Suppose 33 = 5*n + d*c, 3*c - 6*c - 3 = 0. Suppose 28 = -3*s + n*s. Is s a prime number?
True
Let z = 117 - -24. Is z a composite number?
True
Let c = -26468 + 58781. Is c a prime number?
False
Suppose 0 = -6*p + 2*p - 2*y + 10, -2*y - 2 = -2*p. Is ((-1)/2)/(p/(-2020)) - 3 prime?
False
Suppose -5*m = -m - 16. Let h(r) = 2 + 3 - 2 - 24*r + m. Is h(-9) composite?
False
Is (-3)/(-5) - 1044212/(-130) a prime number?
False
Let z = -10 - -15. Let i(b) = 15*b + 10*b - 11 - b. Is i(z) composite?
False
Suppose 0 = 24*j - 23*j - 818. Is j composite?
True
Let k = 10 + -4. Suppose 164 = k*m - 1648. Is m prime?
False
Let g be (-8)/(-16)*2*69. Let l = g - -190. Is l a prime number?
False
Suppose 2*r - c = 240, 0 = -3*r - 4*c + 7*c + 363. Is r a prime number?
False
Suppose 4*h = -4*b + 164, h - b - 31 = -0*b. Is 3/(-4) - (-126423)/h composite?
False
Let m = 14212 + -5271. Is m composite?
False
Let p(k) = -k + 7. Let b be p(8). Let m be (-2 + 3)/(b/195). Let g = m - -614. Is g a composite number?
False
Let u(h) = 2*h**2 + 1. Let p be u(1). Let k = 10 - p. Let s(n) = n**2 - 2*n + 4. Is s(k) composite?
True
Let w be (12/16)/((-3)/(-408)). Suppose -3*d - j - 51 = 3*j, 0 = 5*d + j + 85. Let o = d + w. Is o prime?
False
Let b(d) = -1117*d + 459. Is b(-46) a prime number?
False
Let v be (-2)/7 - (-180)/42. Suppose 127 = 5*a + v*y, -2*a - 3*y = 2*y - 61. Let q = 33 - a. Is q composite?
True
Suppose -3*f = -4*l + 7*l - 15780, l = 5*f - 26306. Is f a composite number?
False
Let q(n) = -n + 17. Let f be q(13). Suppose -f*w = -3*w. Suppose 6241 = 4*v - 5*x, -4*v + 3*x + 6239 = -w*x. Is v prime?
True
Suppo